
Calculate the highest common factor of 405 and 324650835.
405
What is the highest common divisor of 2408 and 8283604?
28
What is the greatest common divisor of 70921543 and 517?
517
Calculate the greatest common divisor of 304928425 and 50.
25
Calculate the greatest common divisor of 352640 and 32080.
80
Calculate the highest common factor of 3466296 and 152.
8
What is the highest common factor of 11891292 and 1272?
636
What is the greatest common divisor of 296595364 and 52?
52
Calculate the greatest common factor of 28377 and 249507.
27
Calculate the highest common divisor of 208 and 117859612.
52
What is the greatest common divisor of 1290343 and 134377?
1619
Calculate the highest common factor of 17622594 and 1980.
198
Calculate the highest common divisor of 54 and 535064.
2
Calculate the highest common divisor of 10056525 and 150.
75
Calculate the highest common factor of 63013728 and 6.
6
What is the greatest common factor of 136 and 259483954?
34
What is the greatest common factor of 3742590348 and 252?
252
Calculate the greatest common factor of 702 and 18603.
351
What is the highest common factor of 14315 and 463785?
35
What is the highest common divisor of 60329 and 489647?
1403
What is the highest common factor of 41283645 and 585?
195
What is the greatest common divisor of 16265496 and 299?
13
Calculate the highest common divisor of 5318 and 1592741.
2659
What is the greatest common divisor of 47256 and 3912?
24
Calculate the highest common divisor of 1598067 and 122211.
333
What is the greatest common factor of 5063 and 17110616?
83
Calculate the highest common factor of 6721 and 780767.
13
Calculate the greatest common divisor of 39550 and 53788.
1582
Calculate the highest common divisor of 840 and 12843320.
280
What is the highest common divisor of 853708 and 3648?
76
What is the highest common divisor of 133270938 and 2544?
318
What is the greatest common factor of 108 and 816162372?
108
Calculate the highest common factor of 62264443 and 2036.
509
Calculate the greatest common divisor of 372 and 1251172.
4
Calculate the highest common divisor of 1401484126 and 1442.
1442
What is the greatest common factor of 1375413 and 3?
3
Calculate the greatest common divisor of 2688714 and 7294.
14
What is the greatest common divisor of 169113 and 29379?
21
What is the highest common divisor of 8036 and 403522?
574
What is the highest common factor of 10970370 and 50?
10
Calculate the highest common divisor of 8342 and 1641143.
97
What is the highest common factor of 18929 and 105363?
23
Calculate the highest common divisor of 14979097 and 2065.
413
What is the highest common factor of 195261 and 29157909?
3201
Calculate the greatest common divisor of 25346 and 667.
667
Calculate the greatest common divisor of 41064448 and 44.
4
What is the highest common factor of 35 and 37061185?
35
Calculate the highest common divisor of 9578624 and 7040.
1408
What is the highest common divisor of 350 and 31358250?
350
Calculate the highest common factor of 2569 and 46999855.
2569
What is the greatest common divisor of 61152462 and 3024?
378
Calculate the greatest common divisor of 110676 and 208173.
69
What is the greatest common divisor of 544 and 223036192?
544
Calculate the greatest common factor of 39584835 and 135.
135
What is the highest common divisor of 20 and 1722788?
4
What is the greatest common factor of 1080 and 105210?
90
Calculate the highest common divisor of 510 and 32791147.
17
What is the greatest common divisor of 1371612935 and 44?
11
Calculate the highest common factor of 1825 and 174715.
5
What is the highest common divisor of 21597676 and 8?
4
Calculate the highest common factor of 16 and 62653368.
8
Calculate the greatest common factor of 44267056 and 18.
2
What is the greatest common divisor of 141680 and 50968?
184
Calculate the greatest common factor of 23 and 191304823.
23
Calculate the greatest common factor of 3411 and 9774.
9
Calculate the greatest common factor of 225040 and 108112.
464
What is the highest common factor of 1819264 and 502348?
932
What is the highest common divisor of 7079940 and 27405?
945
What is the greatest common factor of 3888 and 6055317?
243
What is the greatest common factor of 2541 and 679953813?
2541
Calculate the highest common factor of 7677430 and 131164.
542
Calculate the greatest common factor of 4587009 and 11865.
2373
What is the highest common divisor of 109 and 20061014?
109
What is the highest common divisor of 4739330 and 6660?
370
What is the greatest common factor of 47525625 and 639?
639
What is the highest common factor of 3578330 and 679000?
6790
Calculate the highest common factor of 73428 and 1159188.
348
What is the highest common factor of 27731 and 33242?
11
What is the greatest common factor of 4779 and 44656569?
1593
Calculate the greatest common divisor of 5569431 and 343.
7
What is the highest common divisor of 99373644 and 9?
9
Calculate the highest common divisor of 138833527 and 203.
203
Calculate the highest common divisor of 7513 and 4692893.
683
What is the greatest common factor of 79875 and 2875?
125
What is the highest common factor of 343168 and 112?
112
Calculate the highest common factor of 5385 and 134761420.
1795
Calculate the greatest common divisor of 233835 and 18060.
105
Calculate the greatest common divisor of 16 and 36285968.
16
Calculate the highest common divisor of 32536 and 19499256.
392
Calculate the greatest common divisor of 46748760 and 5550.
1110
Calculate the greatest common divisor of 711341300 and 14325.
4775
What is the greatest common factor of 227734 and 59527?
247
Calculate the highest common factor of 136512 and 6144.
192
Calculate the highest common factor of 11554573 and 2274.
379
What is the greatest common divisor of 142125700 and 5425?
775
What is the highest common divisor of 123556448 and 512?
32
Calculate the highest common divisor of 1079 and 259458.
83
What is the highest common divisor of 2795095 and 132672?
691
What is the greatest common divisor of 1360 and 24170192?
272
Calculate the greatest common factor of 11 and 8772109.
1
What is the greatest common factor of 7241080 and 135520?
3080
Calculate the highest common factor of 4385960 and 6175.
95
Calculate the greatest common factor of 235235 and 835835.
5005
What is the highest common divisor of 17044472 and 31280?
3128
What is the greatest common divisor of 152 and 1774904?
152
What is the greatest common divisor of 90857 and 30508?
29
Calculate the highest common divisor of 45921408 and 208.
208
Calculate the highest common divisor of 2748825 and 684.
171
Calculate the highest common divisor of 9389 and 1524093.
41
Calculate the highest common factor of 4477 and 668701.
407
Calculate the highest common factor of 277 and 116366869.
277
What is the greatest common factor of 9814369 and 13295?
2659
Calculate the highest common factor of 260283 and 122271.
159
Calculate the greatest common factor of 267267 and 47502.
273
What is the highest common divisor of 9450022 and 296?
74
Calculate the highest common divisor of 169454873 and 602.
301
What is the highest common factor of 183 and 1007817?
3
Calculate the greatest common divisor of 562810 and 2560.
10
Calculate the greatest common divisor of 87501874 and 5452.
2726
Calculate the greatest common factor of 1828102 and 62350.
2494
Calculate the greatest common divisor of 37 and 15913.
1
Calculate the greatest common divisor of 1888755 and 110.
55
What is the highest common divisor of 2229414 and 379236?
1122
Calculate the highest common divisor of 309764 and 399464.
1196
Calculate the greatest common factor of 37545522 and 21.
21
What is the greatest common factor of 63140 and 4420?
20
Calculate the greatest common divisor of 24 and 29752952.
8
Calculate the greatest common divisor of 42665625 and 180.
45
What is the highest common divisor of 356 and 19345574?
178
Calculate the highest common divisor of 559 and 8589204.
13
Calculate the greatest common factor of 397 and 5992.
1
What is the greatest common factor of 39 and 130883038?
13
What is the highest common divisor of 24 and 1155497844?
12
Calculate the highest common divisor of 254640 and 13040.
80
Calculate the greatest common divisor of 105502 and 2079474